What is the greatest common divisor of 85 and j?
85
Let x(r) = -r**3 - 17*r**2 + 18*r + 11. Let j be x(-18). Let b = j + 29. Calculate the greatest common divisor of b and 100.
20
Let s be 2*5 + 36/9 + 1. Let a be 310/s + 1/3. What is the greatest common factor of a and 189?
21
Let q(n) = 5*n**3 - 20*n**2 - 34*n + 58. Let s be q(8). Calculate the highest common factor of 246 and s.
82
Suppose 21*g - 8*g = 3445. Let h = 278 - g. Calculate the greatest common factor of 143 and h.
13
Let d be (-26)/(-637) - 116124/(-147). Calculate the highest common factor of d and 1817.
79
Suppose 76184 = 3*d + 10*f, 41*d - 38*d - 5*f = 76289. Calculate the highest common factor of 142 and d.
142
Suppose -19 - 7 = -u - 2*i, -94 = -5*u - 4*i. Calculate the greatest common divisor of 5236 and u.
14
Let d(j) = 64*j + 14794. Let u be d(-166). What is the highest common divisor of u and 80?
10
Let l = -10475 - -10576. What is the greatest common factor of 16463 and l?
101
Let m = -26909 - -26930. Suppose -2 = 3*u + 5*b, 2*u + b - 5 = 3. Calculate the highest common divisor of m and u.
3
Suppose 3*t - 6*t + 120 = 0. Suppose -64 = -5*o + 2*r, 20*o - 4*r - 1040 = -812. Calculate the highest common divisor of o and t.
10
Suppose -t = 3*d - 17964, -4*t + 455 = 2*d - 71461. Calculate the highest common divisor of t and 37.
37
Suppose 858 = 5*p - 2*p. Let z = -231 + 329. Let c = -72 + z. Calculate the highest common factor of c and p.
26
Let z(r) = 2*r**3 - 4*r**2 - 3*r. Let y be z(-2). Let m = y - -38. Suppose -w = m - 14. What is the highest common factor of w and 2?
2
Let r(j) = 2*j**2 + 15*j + 4. Let a be r(-10). Suppose -3*x - 99 = 5*v - 384, 5*x = 25. Calculate the greatest common divisor of v and a.
54
Suppose y = 5*w - 7 + 36, 0 = y - w - 9. Let a(z) = 3*z**3 - z + 3 - 4*z**3 + 2*z**3 - 3*z**2. Let q be a(y). Calculate the highest common divisor of q and 135.
15
Let g be 6/9 + 148/12. Suppose 0 = -a - a + i + g, 3 = i. Suppose 9*j - 25 = 479. What is the greatest common factor of j and a?
8
Suppose o - 5*o + 172 = 0. Suppose -10 = o*l - 41*l. Let g be -15*(2 + l + 2). What is the greatest common divisor of g and 3?
3
Let p(y) = y**3 - 15*y**2 - 12*y - 18. Let s be p(16). Let o = -45 + s. Let m be (-18)/(-27)*((-3)/(-2))/o. What is the highest common factor of 7 and m?
1
Let q = 2790 + -2746. Calculate the highest common factor of 172 and q.
4
Suppose 4 = -4*y + t, 2*t - t = 0. Let m = y + 33. Let f(s) = 80*s. Let h be f(2). Calculate the greatest common factor of m and h.
32
Let x = 0 + -51. Let a = -27 - x. Let z = 52 - a. Calculate the greatest common factor of 7 and z.
7
Let x be 4/(-18) - 1642/(-18). Let w(y) = y**3 + 8*y**2 + 43*y + 357. Let f be w(-8). What is the greatest common factor of x and f?
13
Suppose -748 = -s - 754. Let q be (-3)/(-6) + (-3261)/s. What is the greatest common divisor of q and 16?
16
Let z be (-180)/(-234)*13*116. What is the highest common divisor of 128 and z?
8
Let u = 65 - 45. Suppose -10 = w + 5*i, 2*w + i - 7 = -0*w. Suppose w = -d, 5*m - d - 63 = 42. What is the highest common divisor of m and u?
20
Let m be 22*25/20 - 1/2. Suppose -8*s - 570 = -m*s. Let d be (-1)/(-3) - (-236)/12. Calculate the greatest common divisor of d and s.
10
Let w(j) = -6*j**2 - 59*j - 36. Let z be w(-9). What is the greatest common divisor of 729 and z?
9
Let l(i) = i**3 - 26*i**2 - i + 16. Let k be l(26). Let j(s) = -s**3 - 6*s**2 + 42*s + 23. Let o be j(k). What is the highest common factor of o and 123?
3
Let x be 15 - ((-25)/10)/5*0. Suppose -4*r - 4*u - x + 83 = 0, -3*r + 4*u = -37. What is the greatest common divisor of 45 and r?
15
Let m be ((60/(-9))/5)/((-8)/18). Suppose t = -b + 27, -10 = -b - m*t + 19. What is the greatest common divisor of 143 and b?
13
Let s(y) = 9*y**2 + y - 1. Let l be s(-1). Suppose 4*z - 5*k = 2 + 20, z - 2*k = l. Let b = z - -9. What is the highest common divisor of 6 and b?
6
Let f = -6 + 12. Suppose 2*p = -3*p - 4*t + 784, -p = -3*t - 172. Let z = p - 142. Calculate the highest common factor of f and z.
6
Suppose -3*p + 16 = -14. Let b be (p/6 - 3) + (-242)/(-33). What is the greatest common divisor of b and 87?
3
Suppose o - 5*z = 1620, 12*o - 11*o + z - 1614 = 0. What is the highest common divisor of o and 68?
17
Suppose -181*c + 382*c - 3542 = 178*c. What is the greatest common factor of c and 133?
7
Let x = -202 - -6262. Suppose -44*h + 9780 = -x. What is the highest common divisor of h and 40?
40
Let g(r) = 4*r - 4*r**2 + 34*r**2 - r**3 - 19 - 24. Let z be g(30). What is the highest common divisor of 11 and z?
11
Let l(j) = -45*j**2 - 1474*j + 58. Let x be l(-24). What is the greatest common factor of x and 134?
134
Let o be (6399/(-4))/9*4. Let a = 431 + o. Let r be (0 + -1)*(-6 + a/7). What is the greatest common factor of 23 and r?
23
Let u = -10038 + 10073. Let f be 16 + (0 - -1) + -2. Calculate the greatest common factor of f and u.
5
Let w(h) = -5*h + 34. Let j be w(-6). Let n = 100 - j. What is the highest common divisor of n and 468?
36
Let k(m) = -m**3 - 4*m**2 + m + 5. Let i be k(-4). Let t = -138623 + 138653. Calculate the greatest common factor of t and i.
1
Let r(v) = -v**3 - 19*v**2 - 14*v + 39. Let y be r(-18). Let b be y/(-6)*1 + 27/(-18). Calculate the greatest common divisor of 44 and b.
4
Let y = -2867 - -2868. What is the greatest common factor of y and 491?
1
Suppose 5*a + 14*o = 11*o + 546, -206 = -2*a + 5*o. What is the highest common divisor of a and 189?
27
Suppose -k + 2 = 2*p - 31, 0 = -2*p - 4. Suppose a - 3*a = 5*r - 1118, -3*r + 4*a + 650 = 0. Let n = r - 111. What is the greatest common factor of n and k?
37
Suppose 158*m - 14924 = 21992 - 5000. Calculate the highest common divisor of m and 8.
2
Let j = -2312 + 2970. Calculate the highest common divisor of j and 98.
14
Suppose -3*a + 5*a + 2242 = 21*a. What is the highest common divisor of a and 1357?
59
Let z(x) = -9*x + 113. Let g be z(-11). Let b = g + -188. What is the greatest common factor of 136 and b?
8
Suppose 3*i + 2*i = 20. Let b = -1 + i. Suppose 5*h - 76 = b*h. What is the greatest common divisor of h and 57?
19
Let l = 39 + -59. Let c = 31 + l. Suppose 123 = -28*f + 31*f - 3*b, 0 = 3*b - 9. What is the highest common divisor of c and f?
11
Suppose -1200 = 4*s - 5*u, -4*s - 2*u - 256 - 944 = 0. Let t = -179 - s. Suppose 41 = -5*k + t. Calculate the highest common factor of k and 4.
4
Let j(m) = -m**2 + 24*m + 553. Let a be j(30). What is the greatest common factor of a and 1?
1
Let l = -6152 + 8762. What is the greatest common divisor of l and 45?
45
Suppose 0 = 3*m + m - 20. Let l be (2 + (-6)/m)/((-8)/(-20)). Let u = l + 6. What is the highest common divisor of u and 20?
4
Let r = -22 + 27. Suppose 3*f = 2*w + 2*w + 5, r = -5*w + 5*f. Let a(x) = 4*x**2 + x + 2. Let i be a(w). What is the greatest common divisor of i and 64?
16
Suppose -3*d + 0*d + 2*i = -28, 0 = -5*d - i + 25. Let f(t) = 5*t**2 + 6*t - 21. Let c be f(d). What is the greatest common factor of c and 78?
39
Let x(c) = 32*c + 308. Let f be x(14). What is the highest common factor of f and 420?
84
Let i(y) = -y**3 - y**2 + 4*y + 4. Let z be i(-3). Calculate the highest common factor of 4 and z.
2
Suppose -30*w + 34*w - 24 = 0. Suppose 2*h + 13 = 3. Let x(a) = a**3 + 7*a**2 - a - 7. Let u be x(h). What is the highest common divisor of u and w?
6
Let c(t) = -21*t + 944. Let k be c(44). Calculate the greatest common divisor of k and 100.
20
Suppose -2*u + 48 = -2*b, 2*u + b = -0*u + 48. Let j(h) = h**3 - 2*h**2 - 5*h - 2. Let l be j(5). What is the greatest common divisor of l and u?
24
Suppose -4*n = g - 155, 5*n + 13*g - 193 = 11*g. Calculate the greatest common divisor of 15 and n.
3
Suppose 0 = -60*o + 161*o - 120 + 19. Calculate the highest common factor of o and 302.
1
Let b(y) = -y**3 + 39*y**2 - 4*y - 701. Let t be b(30). Calculate the greatest common divisor of t and 29.
29
Let s(o) be the first derivative of 145*o**2/2 - 25*o + 49. Let h be s(6). Calculate the highest common factor of h and 65.
65
Suppose w + w - 3152 = 0. What is the greatest common factor of w and 4?
4
Let y(t) = 18*t + 194. Let n be y(-34). Let o = n + 594. What is the greatest common factor of o and 8?
8
Let d(b) be the third derivative of -b**6/12 - b**5/30 - 5*b**4/24 